{"id":53,"date":"2020-06-25T15:27:19","date_gmt":"2020-06-25T15:27:19","guid":{"rendered":"http:\/\/amrum-waasluuper.de\/?page_id=53"},"modified":"2025-01-26T18:30:14","modified_gmt":"2025-01-26T18:30:14","slug":"die-wohnung","status":"publish","type":"page","link":"https:\/\/amrum-waasluuper.de\/?page_id=53","title":{"rendered":"Die Wohnung"},"content":{"rendered":"<p>[et_pb_section fb_built=&#8220;1&#8243; fullwidth=&#8220;on&#8220; _builder_version=&#8220;4.4.6&#8243;][et_pb_fullwidth_image src=&#8220;https:\/\/amrum-waasluuper.de\/wp-content\/uploads\/2020\/05\/logo.jpg&#8220; title_text=&#8220;logo&#8220; _builder_version=&#8220;4.4.6&#8243;][\/et_pb_fullwidth_image][\/et_pb_section][et_pb_section fb_built=&#8220;1&#8243; _builder_version=&#8220;4.4.6&#8243;][et_pb_row column_structure=&#8220;1_2,1_2&#8243; _builder_version=&#8220;4.4.6&#8243;][et_pb_column type=&#8220;1_2&#8243; _builder_version=&#8220;4.4.6&#8243;][et_pb_text _builder_version=&#8220;4.4.6&#8243;]<\/p>\n<h2>Wohnung Eistaucher<\/h2>\n<p><span style=\"font-size: 17px;\">Der Hausteil &#8222;Eistaucher&#8220; im H\u00fcs Waasluuper ist eine komfortabel ausgestattete 4 -Zimmer Ferienwohnung (ca. 80 qm) \u00fcber 3 Ebenen mit Garten und eigener Terrasse mit Strandkorb und Gartenm\u00f6beln.<\/span><\/p>\n<p>[\/et_pb_text][et_pb_text _builder_version=&#8220;4.4.6&#8243; text_line_height=&#8220;2.6em&#8220;]<\/p>\n<h2>Weitere Informationen<\/h2>\n<p>[\/et_pb_text][et_pb_text _builder_version=&#8220;4.4.6&#8243;]<\/p>\n<ul>\n<li>gro\u00dfer Wohnraum mit Esstisch f\u00fcr 5 Personen<\/li>\n<li>Sat-TV, DVD-Player, Internetradio mit DAB+, UKW, Bluetooth und USB-Anschluss<\/li>\n<li>WLAN (inkl.) und Telefon (kostenfrei im deutschen Festnetz)<\/li>\n<li>K\u00fcche, sehr gut ausgestattet, mit Geschirrsp\u00fcler, Cerankochfeld und Backofen, K\u00fchlschrank mit Gefrierfach<\/li>\n<li>G\u00e4ste-WC im EG<\/li>\n<li>Belegung mit max. 4-5 Personen<\/li>\n<li>1 Schlafraum mit Doppelbett, 1 Schlafraum mit 2 Einzelbetten, 1 Ruheraum mit 1 Einzelbett und\u00a0 Sat-TV<\/li>\n<li>helles Badezimmer mit Fenster und Dusche\/WC<\/li>\n<li>eigene Terrasse und Gartenanteil direkt am Wohnraum, mit Gartenm\u00f6beln und Strandkorb (witterungsbedingt von ca. Mitte April &#8211; Mitte Oktober)<\/li>\n<li>Weitblick \u00fcber die Norddorfer Marsch zur Amrumer Odde und aufs Wattenmeer bis hin\u00fcber nach F\u00f6hr<\/li>\n<li>zus\u00e4tzlich gro\u00dfer Gemeinschaftsgarten mit Sitzb\u00e4nken und viel Platz zum Spielen<\/li>\n<li>eigener Parkplatz direkt am Haus<\/li>\n<li>Fahrrad- und Bollerwagenabstellpl\u00e4tze im Garten<\/li>\n<li>M\u00fcnzwaschmaschine und -trockner im Keller des Hauses<\/li>\n<li>Kinderbett und Hochstuhl auf Anfrage<\/li>\n<li>Aus R\u00fccksicht auf andere G\u00e4ste ist das Rauchen in dieser Wohnung nicht erlaubt.<\/li>\n<li>Haustiere d\u00fcrfen im Haus Waasluuper leider keinen Urlaub machen.<\/li>\n<li>Das Grillen ist aus Brandschutzgr\u00fcnden auf dem gesamten Grundst\u00fcck nicht gestattet.<\/li>\n<\/ul>\n<p>[\/et_pb_text][et_pb_image src=&#8220;https:\/\/amrum-waasluuper.de\/wp-content\/uploads\/2020\/07\/Riss-Hellerneu.jpg&#8220; title_text=&#8220;Riss-Hellerneu&#8220; _builder_version=&#8220;4.4.6&#8243;][\/et_pb_image][\/et_pb_column][et_pb_column type=&#8220;1_2&#8243; _builder_version=&#8220;4.4.6&#8243;][et_pb_gallery gallery_ids=&#8220;110,109,103,102,124,101,111,104,105,106,107,100,108,152&#8243; posts_number=&#8220;16&#8243; _builder_version=&#8220;4.4.6&#8243; title_font_size=&#8220;1px&#8220; caption_font_size=&#8220;1px&#8220;][\/et_pb_gallery][\/et_pb_column][\/et_pb_row][\/et_pb_section]<\/p>\n","protected":false},"excerpt":{"rendered":"<p>Wohnung Eistaucher Der Hausteil &#8222;Eistaucher&#8220; im H\u00fcs Waasluuper ist eine komfortabel ausgestattete 4 -Zimmer Ferienwohnung (ca. 80 qm) \u00fcber 3 Ebenen mit Garten und eigener Terrasse mit Strandkorb und Gartenm\u00f6beln. Weitere Informationen gro\u00dfer Wohnraum mit Esstisch f\u00fcr 5 Personen Sat-TV, DVD-Player, Internetradio mit DAB+, UKW, Bluetooth und USB-Anschluss WLAN (inkl.) und Telefon (kostenfrei im deutschen [&hellip;]<\/p>\n","protected":false},"author":1,"featured_media":0,"parent":0,"menu_order":0,"comment_status":"closed","ping_status":"closed","template":"","meta":{"_et_pb_use_builder":"on","_et_pb_old_content":"This is an example page. It's different from a blog post because it will stay in one place and will show up in your site navigation (in most themes). Most people start with an About page that introduces them to potential site visitors. It might say something like this:\n\n<blockquote>Hi there! I'm a bike messenger by day, aspiring actor by night, and this is my website. I live in Los Angeles, have a great dog named Jack, and I like pi&#241;a coladas. (And gettin' caught in the rain.)<\/blockquote>\n\n...or something like this:\n\n<blockquote>The XYZ Doohickey Company was founded in 1971, and has been providing quality doohickeys to the public ever since. Located in Gotham City, XYZ employs over 2,000 people and does all kinds of awesome things for the Gotham community.<\/blockquote>\n\nAs a new WordPress user, you should go to <a href=\"https:\/\/amrum-waasluuper.de\/wp-admin\/\">your dashboard<\/a> to delete this page and create new pages for your content. Have fun!","_et_gb_content_width":"","footnotes":""},"class_list":["post-53","page","type-page","status-publish","hentry"],"_links":{"self":[{"href":"https:\/\/amrum-waasluuper.de\/index.php?rest_route=\/wp\/v2\/pages\/53","targetHints":{"allow":["GET"]}}],"collection":[{"href":"https:\/\/amrum-waasluuper.de\/index.php?rest_route=\/wp\/v2\/pages"}],"about":[{"href":"https:\/\/amrum-waasluuper.de\/index.php?rest_route=\/wp\/v2\/types\/page"}],"author":[{"embeddable":true,"href":"https:\/\/amrum-waasluuper.de\/index.php?rest_route=\/wp\/v2\/users\/1"}],"replies":[{"embeddable":true,"href":"https:\/\/amrum-waasluuper.de\/index.php?rest_route=%2Fwp%2Fv2%2Fcomments&post=53"}],"version-history":[{"count":26,"href":"https:\/\/amrum-waasluuper.de\/index.php?rest_route=\/wp\/v2\/pages\/53\/revisions"}],"predecessor-version":[{"id":198,"href":"https:\/\/amrum-waasluuper.de\/index.php?rest_route=\/wp\/v2\/pages\/53\/revisions\/198"}],"wp:attachment":[{"href":"https:\/\/amrum-waasluuper.de\/index.php?rest_route=%2Fwp%2Fv2%2Fmedia&parent=53"}],"curies":[{"name":"wp","href":"https:\/\/api.w.org\/{rel}","templated":true}]}}